{"id":6,"date":"2022-07-14T10:29:32","date_gmt":"2022-07-14T10:29:32","guid":{"rendered":"https:\/\/vocesdelsur.info\/?page_id=6"},"modified":"2022-07-14T10:29:33","modified_gmt":"2022-07-14T10:29:33","slug":"institucional","status":"publish","type":"page","link":"https:\/\/vocesdelsur.info\/","title":{"rendered":"Institucional"},"content":{"rendered":"\n<p>Voces del Sur es un lugar de expresi\u00f3n, di\u00e1logo y trabajo conjunto de las radios p\u00fablicas nacionales y de los pueblos de Am\u00e9rica Latina. Su objetivo fundamental es construir un nuevo espacio para fortalecer los lazos fraternos que nos unen, reconocer nuestras m\u00faltiples identidades hist\u00f3ricas y culturales, como as\u00ed tambi\u00e9n utilizar las tecnolog\u00edas para ponerlas al servicio de la democratizaci\u00f3n de la comunicaci\u00f3n en toda la Patria Grande.<\/p>\n\n\n\n<h2>\u00bfQui\u00e9nes somos?<\/h2>\n\n\n\n<p>Voces del Sur (VdS) es una red regional de organizaciones de la sociedad civil de America Latina que trabajan en coordinaci\u00f3n con el objetivo de promover y defender la libertad de prensa, libertad de expresi\u00f3n, el acceso a la informaci\u00f3n y la seguridad y protecci\u00f3n de periodistas. Voces del Sur naci\u00f3 en el 2017 con la idea de crear un registro com\u00fan de agresiones contra la libertad de prensa y expresi\u00f3n y acceso a la informaci\u00f3n, que nos permitan tener una visi\u00f3n comparativa de la situaci\u00f3n de la en la regi\u00f3n.<\/p>\n\n\n\n<h2>\u00bfQu\u00e9 hacemos?<\/h2>\n\n\n\n<p>Voces del Sur monitorea y reporta las agresiones en contra de la libertad de expresi\u00f3n y la implementaci\u00f3n de pol\u00edticas p\u00fablicas y buenas practica que posibilitan el acceso a la informaci\u00f3n en base al Objetivo de Desarrollo Sostenible (ODS) 16.10. de las Naciones Unidas que se enfoca en&nbsp;<em>garantizar el acceso p\u00fablico a la informaci\u00f3n y proteger las libertades fundamentales, de conformidad con las leyes nacionales y los acuerdos internacionales.&nbsp;<\/em><\/p>\n\n\n\n<p>A trav\u00e9s de su monitoreo VdS observa el cumplimiento del ODS 16.10 y trabaja en coordinaci\u00f3n para incidir en la defensa y protecci\u00f3n de la libertad de prensa, expresi\u00f3n, y a el acceso a la informaci\u00f3n y as\u00ed promover sociedades m\u00e1s justas, pac\u00edficas e inclusivas.<\/p>\n","protected":false},"excerpt":{"rendered":"<p>Voces del Sur es un lugar de expresi\u00f3n, di\u00e1logo y trabajo conjunto de las radios p\u00fablicas nacionales y de los pueblos de Am\u00e9rica Latina. Su objetivo fundamental es construir un nuevo espacio para fortalecer los lazos fraternos que nos unen, reconocer nuestras m\u00faltiples identidades hist\u00f3ricas y culturales, como as\u00ed tambi\u00e9n utilizar las tecnolog\u00edas para ponerlas &#8230; <a title=\"Institucional\" class=\"read-more\" href=\"https:\/\/vocesdelsur.info\/\">Read more<span class=\"screen-reader-text\">Institucional<\/span><\/a><\/p>\n","protected":false},"author":1,"featured_media":0,"parent":0,"menu_order":0,"comment_status":"closed","ping_status":"closed","template":"","meta":[],"_links":{"self":[{"href":"https:\/\/vocesdelsur.info\/index.php?rest_route=\/wp\/v2\/pages\/6"}],"collection":[{"href":"https:\/\/vocesdelsur.info\/index.php?rest_route=\/wp\/v2\/pages"}],"about":[{"href":"https:\/\/vocesdelsur.info\/index.php?rest_route=\/wp\/v2\/types\/page"}],"author":[{"embeddable":true,"href":"https:\/\/vocesdelsur.info\/index.php?rest_route=\/wp\/v2\/users\/1"}],"replies":[{"embeddable":true,"href":"https:\/\/vocesdelsur.info\/index.php?rest_route=%2Fwp%2Fv2%2Fcomments&post=6"}],"version-history":[{"count":1,"href":"https:\/\/vocesdelsur.info\/index.php?rest_route=\/wp\/v2\/pages\/6\/revisions"}],"predecessor-version":[{"id":7,"href":"https:\/\/vocesdelsur.info\/index.php?rest_route=\/wp\/v2\/pages\/6\/revisions\/7"}],"wp:attachment":[{"href":"https:\/\/vocesdelsur.info\/index.php?rest_route=%2Fwp%2Fv2%2Fmedia&parent=6"}],"curies":[{"name":"wp","href":"https:\/\/api.w.org\/{rel}","templated":true}]}}